{"id":70,"date":"2024-03-11T12:27:43","date_gmt":"2024-03-11T12:27:43","guid":{"rendered":"https:\/\/www.tombr.cz\/?page_id=70"},"modified":"2024-05-03T15:26:05","modified_gmt":"2024-05-03T13:26:05","slug":"home","status":"publish","type":"page","link":"https:\/\/www.tombr.cz\/","title":{"rendered":"V\u00edtejte"},"content":{"rendered":"\n<p>Dobr\u00fd den,<\/p>\n\n\n\n<p>V\u011bnuji se \u00faprav\u011b d\u0159eva z lok\u00e1ln\u00edch d\u0159evin, kter\u00e9 kon\u010d\u00ed v\u011bt\u0161inou jako ru\u010dn\u00ed \u010di kuchy\u0148sk\u00e9 n\u00e1\u010din\u00ed. <\/p>\n\n\n\n<p>Tvary a mo\u017enosti v\u00fdrobk\u016f se roz\u0161i\u0159uj\u00ed postupn\u011b jako moje dovednost.<\/p>\n\n\n\n<p>Kontakt: brendli@tombr.cz<\/p>\n\n\n\n<ul class=\"wp-block-latest-posts__list is-grid columns-3 aligncenter wp-block-latest-posts is-layout-constrained wp-block-group-is-layout-constrained\"><li><a class=\"wp-block-latest-posts__post-title\" href=\"https:\/\/www.tombr.cz\/index.php\/2024\/05\/10\/druha-vlna\/\">Druh\u00e1 vlna !<\/a><\/li>\n<li><a class=\"wp-block-latest-posts__post-title\" href=\"https:\/\/www.tombr.cz\/index.php\/2024\/03\/11\/priprava-na-prvni-trhy-23-3-2024-pecky\/\">P\u0159\u00edprava na prvn\u00ed trhy 23.3. 2024 &#8211; Pe\u010dky<\/a><\/li>\n<li><a class=\"wp-block-latest-posts__post-title\" href=\"https:\/\/www.tombr.cz\/index.php\/2024\/03\/11\/start-webu\/\">Start webu !<\/a><\/li>\n<\/ul>\n\n\n\n<hr\/>\n","protected":false},"excerpt":{"rendered":"<p>Dobr\u00fd den, V\u011bnuji se \u00faprav\u011b d\u0159eva z lok\u00e1ln\u00edch d\u0159evin, kter\u00e9 kon\u010d\u00ed v\u011bt\u0161inou jako ru\u010dn\u00ed \u010di kuchy\u0148sk\u00e9 n\u00e1\u010din\u00ed. Tvary a mo\u017enosti v\u00fdrobk\u016f se roz\u0161i\u0159uj\u00ed postupn\u011b jako moje dovednost. Kontakt: brendli@tombr.cz<\/p>\n","protected":false},"author":1,"featured_media":0,"parent":0,"menu_order":0,"comment_status":"closed","ping_status":"closed","template":"","meta":{"footnotes":""},"class_list":["post-70","page","type-page","status-publish","hentry"],"_links":{"self":[{"href":"https:\/\/www.tombr.cz\/index.php\/wp-json\/wp\/v2\/pages\/70","targetHints":{"allow":["GET"]}}],"collection":[{"href":"https:\/\/www.tombr.cz\/index.php\/wp-json\/wp\/v2\/pages"}],"about":[{"href":"https:\/\/www.tombr.cz\/index.php\/wp-json\/wp\/v2\/types\/page"}],"author":[{"embeddable":true,"href":"https:\/\/www.tombr.cz\/index.php\/wp-json\/wp\/v2\/users\/1"}],"replies":[{"embeddable":true,"href":"https:\/\/www.tombr.cz\/index.php\/wp-json\/wp\/v2\/comments?post=70"}],"version-history":[{"count":34,"href":"https:\/\/www.tombr.cz\/index.php\/wp-json\/wp\/v2\/pages\/70\/revisions"}],"predecessor-version":[{"id":477,"href":"https:\/\/www.tombr.cz\/index.php\/wp-json\/wp\/v2\/pages\/70\/revisions\/477"}],"wp:attachment":[{"href":"https:\/\/www.tombr.cz\/index.php\/wp-json\/wp\/v2\/media?parent=70"}],"curies":[{"name":"wp","href":"https:\/\/api.w.org\/{rel}","templated":true}]}}